5799. What is the units digit of r?
0
Let d be 32/(-40) + 3*12/45. Suppose d = m - 92 - 119. What is the units digit of m?
1
Let u = 64 - 61. Suppose 12 = 5*w - 3*z, -u*w = w - 5*z - 7. Suppose 2*o + 3*d = 180, -4*o - w*d = -8*d - 360. What is the units digit of o?
0
Let i(f) = 31*f - 156. Let b be i(13). Suppose -2*z + x = -4*z + b, 3*x = -4*z + 489. What is the units digit of z?
6
Let g(p) = -15*p**3 - p**2 - 7*p - 7. Let l = 632 + -636. What is the units digit of g(l)?
5
Suppose -12 = -4*i + 2*i. Let o be 2/i - 7/(168/344). What is the units digit of ((-3898)/14)/(-1) + (-8)/o?
9
Let m(t) = -t**2 - 23*t + 82. Let v be m(-26). Suppose -2*x - 2*x + 20 = 0, v*s + x - 3037 = 0. What is the tens digit of s?
5
Let y(b) = b**3 - 2*b**2 - 3*b + 9. Let j be y(0). Suppose v + q = 17, 2*v - 14*q + j*q = 34. What is the units digit of v/3 + 30/(-45)?
5
Suppose 48*p - 50*p + 4 = 0. Suppose 0 = -3*c + 5*o, p*c + 4*o - 8 - 14 = 0. Suppose -c*y + 478 = -272. What is the units digit of y?
0
Let l be 6*1/3 + 6. Let v = l - 5. Suppose -q + 6*y = 2*y - 121, 0 = y - v. What is the tens digit of q?
3
Let w be ((-6)/5)/(2/((-80)/(-12))). Let d be 2*(w - 501/(-6)). Suppose d = -15*y + 18*y. What is the tens digit of y?
5
Let c be (-3*(-2)/3)/((-4)/(-124)). Let t = -60 + c. Suppose 148 = t*u - 192. What is the tens digit of u?
7
Let y = -6237 - -15673. What is the thousands digit of y?
9
Suppose 2*x = -19*v + 15*v + 16, 2*x - 10 = -2*v. Suppose w + 4*z = -3*w + 4544, -x*w + 2*z + 2284 = 0. What is the hundreds digit of w?
1
Let y be 6/(-10)*(7 - 202). Let h = y + -112. Suppose -2844 = -7*i - h*i. What is the units digit of i?
7
Suppose 6*w - 41 = -5. Suppose 2*g + 112 = -w*g. What is the units digit of (18/12)/((-3)/g)?
7
Suppose -13*f + 16*f + 1584 = 3*q, 2*q + 3*f - 1051 = 0. What is the units digit of q?
7
Let h be 26/(-39)*2637/4*-10. Suppose 10*a - 5*a - h = -q, 5*q - 903 = -a. What is the tens digit of a?
7
Let a(y) = y**2 - 9*y - 93. Let l be a(15). Let j(w) = 101*w**2 + 19*w + 36. What is the tens digit of j(l)?
8
Let b(a) = -12*a**3 + 125*a**2 - 55*a - 17. What is the units digit of b(-13)?
7
Suppose 0 = -39*a + 64*a - 90125. What is the thousands digit of a?
3
Let i(t) = -14*t**3 + 4*t**2 + 7*t - 7. Let j be i(4). Let w = 1145 + j. What is the tens digit of w?
3
Suppose -51*y + 10949 = 96*y - 130318. What is the hundreds digit of y?
9
Let j be (-8)/(2 + 20/(-6)). Suppose 0 = 3*d + j, 4*f + 4*d = -d + 2118. What is the units digit of f?
2
Let b = 74 + -72. What is the units digit of b/4*(-11*572)/(-11)?
6
Suppose -5403782 = -518*a + 1085722. What is the hundreds digit of a?
5
Let t = 24 - 22. Suppose 68 = -t*r + l, -4*r + l = 128 + 8. Let s = r + 66. What is the tens digit of s?
3
Suppose -d + 5*b + 1 + 0 = 0, d = b + 5. Let x(a) = 73*a + 6. What is the tens digit of x(d)?
4
Let y(a) = -a**2 + 15*a - 8. Let k = 41 - 23. Let n be y(k). Let l = n + 96. What is the units digit of l?
4
Suppose 0 = 82*z + 23*z - 529725. What is the thousands digit of z?
5
Let v = -2560 + 3937. Suppose -4*m + 429 - v = 0. Let d = m - -369. What is the tens digit of d?
3
What is the tens digit of 141/(-33) + 4 + 927622/374?
8
What is the thousands digit of -58 + 6190 + 3/(-2)*4?
6
Let y = 7583 + -4198. What is the thousands digit of y?
3
Let x(b) = 13*b**2 - 2*b - 1. Let d(w) = w - 14. Suppose v = -4*t + 56, t + 6*v - 33 = v. Let h be d(t). What is the tens digit of x(h)?
1
Suppose -5*j - 2019 = 4*o - 762, 255 = -j + o. Let n = -168 - -62. Let d = n - j. What is the units digit of d?
7
Let z(y) = -y**2. Let u be z(-2). What is the units digit of (-29)/(u + (-156)/(-20) + -4)?
5
Let p(f) = f**2 - 4*f + 1. Let w be p(6). Suppose 2*o + 0*o - 3*v = -w, 2*v - 5 = 5*o. What is the tens digit of (-1107)/(-15) - o/(-5)?
7
Let h(w) = -2*w**3 + 264*w**2 - 612*w - 656. What is the units digit of h(129)?
2
What is the ten thousands digit of (47*-3 - -1)*(-10278)/21?
6
Suppose -249*k + 254*k + p = 223343, -134009 = -3*k - p. What is the thousands digit of k?
4
Suppose -3*v + 29340 = -5*l, -210*l + 213*l - 18 = 0. What is the units digit of v?
0
Suppose 2*r - 3*b - 7 + 8 = 0, 0 = 3*r - 4*b. Suppose -f + 2*t = -102, 0 = 5*f + r*t - 203 - 307. What is the hundreds digit of f?
1
Suppose 53605 = 5*m + 45*p - 50*p, -5*p = 45. What is the tens digit of m?
1
Suppose -3*l + p + 27 + 140 = 0, 69 = l - 3*p. What is the units digit of l + ((-1)/(-2))/(1/(-2))?
3
Suppose 4531 = 2*m + 1273. Suppose -3*d - 2*o = -m, -d + o + o + 543 = 0. What is the hundreds digit of d?
5
Let r(z) be the second derivative of -5*z**3/6 - 21*z**2/2 - 9*z. Let u be r(-10). What is the tens digit of -4*(2 + u/(-2))?
5
Let s = 595 + -361. Let j = 846 - s. What is the hundreds digit of j?
6
Suppose 0*r + 160 = 5*r. Let x be r/(-24)*(-3)/1. What is the units digit of (-3)/(3*x/(-36))?
9
Let j be -2*(16 + -17 + (-42)/4). Let q be j + (-3 - (-7)/1). Let x = 157 - q. What is the units digit of x?
0
Suppose -55 = -4*g - 4*t + 13, -3*g + 5*t = -11. What is the tens digit of (111/g)/(11/2156)?
1
Let h be ((30/(-10))/(-3))/(1/5). Suppose 2*j + j = -12, -2*z + h*j = -186. What is the units digit of z?
3
Let b(i) = -i**3 + 7*i**2 - 12*i - 2. Let r be b(5). What is the hundreds digit of -9*6/36*10424/r?
3
Let p(l) = -l**2 + 9*l - 14. Let y be 4 - (-3 - -5) - -4. Let x be p(y). Suppose -4*d + 2*c = -d - 274, -4*d = -x*c - 372. What is the units digit of d?
8
Suppose -2*c = -10*c + 24. Suppose 5*z - 705 = 3*s, -7 = -c*z + 2. Let o = -103 - s. What is the units digit of o?
7
Let m(j) = -57*j - 40. Let f be m(-7). Let k = f - -443. What is the hundreds digit of k?
8
Let i(t) = 20 + 8*t + 2*t + 5*t - t**2 + 8. Let o be i(16). Suppose j = -k - 2*j + 12, o = -4*j. What is the tens digit of k?
2
Suppose -4*n = 4*s - 5136, -s + 5*n = -0*n - 1284. Suppose -5*u + 2*v + 4720 = 0, 352 = -u - 2*v + s. What is the tens digit of u?
4
What is the tens digit of -4*3/12*3 - -5038?
3
What is the thousands digit of (30 - -4963) + (-14 - 1)?
4
Suppose -2*v + 12 = r - 8, -r + 2*v = -8. Let q(m) = -m**3 + 15*m**2 + 12*m + 29. What is the units digit of q(r)?
3
Suppose -16 - 889 = -5*a. Let r = 6 - a. Let g = r + 267. What is the units digit of g?
2
Let s(p) = 2*p - 1. Let g be s(3). Suppose -n + 4*f = f - 17, -3*f + 103 = g*n. Suppose 616 = 24*z - n*z. What is the units digit of z?
4
Let h = 193 + -106. Let c be -15 + (1 - 0) + -3. Let t = c + h. What is the tens digit of t?
7
Let m(a) = -a**3 + 5*a**2 + 4*a + 18. Suppose 0 = -i - 3, -6*i = -5*h - 3*i + 39. Let z be m(h). What is the units digit of 1996/12 - (-4)/z?
7
Let l(u) = -5*u - 17. Let o = 42 + -46. Let q(y) = 2*y + 8. Let g(n) = o*l(n) - 9*q(n). What is the units digit of g(5)?
6
Suppose -27*j = -2*b - 29*j + 25450, -b + 12731 = -2*j. What is the hundreds digit of b?
7
Let d = 239 + 284. What is the hundreds digit of (6 - 2) + (d - -20)?
5
Suppose -3 = -6*l + 9. Suppose -c - 169 = -z, -5*z - 3*c = -l*c - 833. Suppose 5*o + 32 = z. What is the tens digit of o?
2
Suppose 2*i - 6 = 3*z, 1 = -3*i + z + 10. Suppose 2*l - 2 = 0, i*x - 8*x - l = -3751. What is the tens digit of x?
5
Suppose -116*q = 37*q - 4205817. What is the thousands digit of q?
7
Let s be 104/24*18/3. Suppose 14*m - 1332 = s*m. Let r = 238 + m. What is the tens digit of r?
2
Suppose 6*s = 43 + 11. Let u(m) = 31*m - 1 - s*m + 4*m - 19. What is the units digit of u(4)?
4
Let s(y) = 182*y**2 + y - 1. Let n be s(4). Suppose 0 = -20*x - n - 4025. Let t = x - -587. What is the units digit of t?
0
Suppose 5*s + 2*w = 7*w + 530, 3*s + 3*w - 294 = 0. Suppose -3*o + 288 - s = 2*q, 16 = -4*o. What is the tens digit of q?
9
Let c be (-3)/(1/((-6)/(-9)) + -1). Let j be 356/c*3/(-8)*4. Suppose 0 = -4*q + j + 559. What is the units digit of q?
2
Let n be 2/(-15) - (-9758)/510. Suppose -n*u = -10*u - 432. What is the units digit of u?
8
Let w = 1742 - -698. Suppose 9*n + w = 13*n - 4*v, -5*n - 2*v + 3029 = 0. What is the tens digit of n?
0
Suppose 5*a - 2*h - 104 = -316, 5*a - h = -216. Let g = a + 34. Let t = 56 + g. What is the units digit of t?
6
What is the hundreds digit of (-82908552)/(-2280) + (-8)/(-5)?
3
Let u = -522 - -527. Suppose f = -u*y + 4*y + 676, -2699 = -4*f - 3*y. What is the units digit of f?
1
Suppose -6*u - 19332 + 48672 = 0. What